{"id":219,"date":"2015-03-02T21:51:30","date_gmt":"2015-03-02T20:51:30","guid":{"rendered":"http:\/\/blog.familie-heming.de\/?page_id=219"},"modified":"2015-03-02T22:41:37","modified_gmt":"2015-03-02T21:41:37","slug":"img-informatik-mensch-und-gesellschaft","status":"publish","type":"page","link":"https:\/\/blog.familie-heming.de\/?page_id=219","title":{"rendered":"Informatik, Mensch und Gesellschaft"},"content":{"rendered":"<p>Eine Linksammlung zu verschiedensten Artikeln im Netz, bei denen der Einfluss der\u00a0Informatik in das allt\u00e4gliche Leben im besonderen Ma\u00dfe hervortritt.<\/p>\n<h1>Thema 1: Datensammlungen<\/h1>\n<p>Ulrich Clau\u00df: <strong>Handy-Bewegungsprofil genauer als Fingerabdruck<\/strong>. <em>Die Welt<\/em> vom 29.3.2013<br \/>\n<a href=\"http:\/\/www.welt.de\/wissenschaft\/article114879957\/Handy-Bewegungsprofil-genauer-als-Fingerabdruck.html\">http:\/\/www.welt.de\/wissenschaft\/article114879957\/Handy-Bewegungsprofil-genauer-als-Fingerabdruck.html<\/a><\/p>\n<p>Christoph Lagner: <strong>Wussten Sie, wo Sie vor 14 Tagen waren? Google wei\u00df es! So deaktivieren Sie Googles Location History!<\/strong> <em>Android-User<\/em> vom 23.10.2013<br \/>\n<a href=\"http:\/\/www.android-user.de\/wussten-sie-wo-sie-vor-14-tagen-waren-google-weiay-es-so-deaktivieren-sie-googles-location-history\/\">http:\/\/www.android-user.de\/wussten-sie-wo-sie-vor-14-tagen-waren-google-weiay-es-so-deaktivieren-sie-googles-location-history\/<\/a><\/p>\n<p>Nils Haag: <strong>Bonusprogramm Payback: Verkaufen Sie Ihre Daten?<\/strong> vom 17.01.2011<br \/>\n<a href=\"https:\/\/www.datenschutzbeauftragter-info.de\/bonusprogramm-payback-verkaufen-sie-ihre-daten\/\">https:\/\/www.datenschutzbeauftragter-info.de\/bonusprogramm-payback-verkaufen-sie-ihre-daten\/<\/a><\/p>\n<p>Kai Biermann: <strong>Payback zahl nichts zur\u00fcck<\/strong>. <em>Zeit online<\/em>,\u00a0aktualisiert am\u00a010.03.2009<br \/>\n<a href=\"http:\/\/www.zeit.de\/online\/2008\/30\/payback\">http:\/\/www.zeit.de\/online\/2008\/30\/payback<\/a><\/p>\n<p>Dani\u00e9l Kretschmar: <strong>Propaganda aus der Mottenkiste<\/strong>. <em>Taz.de<\/em> vom 01.03.2015<br \/>\n<a href=\"http:\/\/www.taz.de\/!155564\/\">http:\/\/www.taz.de\/!155564\/<\/a><\/p>\n<p>Matthias Huber, Simon Hurtz und Hakan Tanriverdi: <strong>Mit Sammelwut gegen den Terror<\/strong>. <em>S\u00fcddeutsche.de<\/em> vom 09.01.2015<br \/>\n<a href=\"http:\/\/www.sueddeutsche.de\/digital\/vorratsdatenspeicherung-mit-sammelwut-gegen-den-terror-1.2297201\">http:\/\/www.sueddeutsche.de\/digital\/vorratsdatenspeicherung-mit-sammelwut-gegen-den-terror-1.2297201<\/a><\/p>\n<p>Kai Biermann: <strong>Wer zu hart bremst, verliert seinen Versicherungsrabatt<\/strong>. <em>Zeit online<\/em>, aktualisiert am 13.11.2013<br \/>\n<a href=\"http:\/\/www.zeit.de\/digital\/datenschutz\/2013-11\/versicherung-telematik-ueberwachung-kfz\">http:\/\/www.zeit.de\/digital\/datenschutz\/2013-11\/versicherung-telematik-ueberwachung-kfz<\/a><\/p>\n<p>Unbekannt: <strong>Rabatt zum Preis der Privatsph\u00e4re<\/strong>. <em>S\u00fcddeutsche.de<\/em> vom 07.03.13<br \/>\n<a href=\"http:\/\/www.sueddeutsche.de\/auto\/kfz-versicherung-rabatt-zum-preis-der-privatsphaere-1.1618144\">http:\/\/www.sueddeutsche.de\/auto\/kfz-versicherung-rabatt-zum-preis-der-privatsphaere-1.1618144<\/a><\/p>\n","protected":false},"excerpt":{"rendered":"<p>Eine Linksammlung zu verschiedensten Artikeln im Netz, bei denen der Einfluss der\u00a0Informatik in das allt\u00e4gliche Leben im besonderen Ma\u00dfe hervortritt. Thema 1: Datensammlungen Ulrich Clau\u00df: Handy-Bewegungsprofil genauer als Fingerabdruck. Die Welt vom 29.3.2013 http:\/\/www.welt.de\/wissenschaft\/article114879957\/Handy-Bewegungsprofil-genauer-als-Fingerabdruck.html Christoph Lagner: Wussten Sie, wo Sie &hellip; <a href=\"https:\/\/blog.familie-heming.de\/?page_id=219\">Weiterlesen <span class=\"meta-nav\">&rarr;<\/span><\/a><\/p>\n","protected":false},"author":1,"featured_media":0,"parent":0,"menu_order":0,"comment_status":"closed","ping_status":"closed","template":"","meta":[],"_links":{"self":[{"href":"https:\/\/blog.familie-heming.de\/index.php?rest_route=\/wp\/v2\/pages\/219"}],"collection":[{"href":"https:\/\/blog.familie-heming.de\/index.php?rest_route=\/wp\/v2\/pages"}],"about":[{"href":"https:\/\/blog.familie-heming.de\/index.php?rest_route=\/wp\/v2\/types\/page"}],"author":[{"embeddable":true,"href":"https:\/\/blog.familie-heming.de\/index.php?rest_route=\/wp\/v2\/users\/1"}],"replies":[{"embeddable":true,"href":"https:\/\/blog.familie-heming.de\/index.php?rest_route=%2Fwp%2Fv2%2Fcomments&post=219"}],"version-history":[{"count":9,"href":"https:\/\/blog.familie-heming.de\/index.php?rest_route=\/wp\/v2\/pages\/219\/revisions"}],"predecessor-version":[{"id":230,"href":"https:\/\/blog.familie-heming.de\/index.php?rest_route=\/wp\/v2\/pages\/219\/revisions\/230"}],"wp:attachment":[{"href":"https:\/\/blog.familie-heming.de\/index.php?rest_route=%2Fwp%2Fv2%2Fmedia&parent=219"}],"curies":[{"name":"wp","href":"https:\/\/api.w.org\/{rel}","templated":true}]}}

<p>Eine Linksammlung zu verschiedensten Artikeln im Netz, bei denen der Einfluss der Informatik in das alltägliche Leben im besonderen Maße hervortritt.</p>
<h1>Thema 1: Datensammlungen</h1>
<p>Ulrich Clauß: <strong>Handy-Bewegungsprofil genauer als Fingerabdruck</strong>. <em>Die Welt</em> vom 29.3.2013<br />
<a href="http://www.welt.de/wissenschaft/article114879957/Handy-Bewegungsprofil-genauer-als-Fingerabdruck.html">http://www.welt.de/wissenschaft/article114879957/Handy-Bewegungsprofil-genauer-als-Fingerabdruck.html</a></p>
<p>Christoph Lagner: <strong>Wussten Sie, wo Sie vor 14 Tagen waren? Google weiß es! So deaktivieren Sie Googles Location History!</strong> <em>Android-User</em> vom 23.10.2013<br />
<a href="http://www.android-user.de/wussten-sie-wo-sie-vor-14-tagen-waren-google-weiay-es-so-deaktivieren-sie-googles-location-history/">http://www.android-user.de/wussten-sie-wo-sie-vor-14-tagen-waren-google-weiay-es-so-deaktivieren-sie-googles-location-history/</a></p>
<p>Nils Haag: <strong>Bonusprogramm Payback: Verkaufen Sie Ihre Daten?</strong> vom 17.01.2011<br />
<a href="https://www.datenschutzbeauftragter-info.de/bonusprogramm-payback-verkaufen-sie-ihre-daten/">https://www.datenschutzbeauftragter-info.de/bonusprogramm-payback-verkaufen-sie-ihre-daten/</a></p>
<p>Kai Biermann: <strong>Payback zahl nichts zurück</strong>. <em>Zeit online</em>, aktualisiert am 10.03.2009<br />
<a href="http://www.zeit.de/online/2008/30/payback">http://www.zeit.de/online/2008/30/payback</a></p>
<p>Daniél Kretschmar: <strong>Propaganda aus der Mottenkiste</strong>. <em>Taz.de</em> vom 01.03.2015<br />
<a href="http://www.taz.de/!155564/">http://www.taz.de/!155564/</a></p>
<p>Matthias Huber, Simon Hurtz und Hakan Tanriverdi: <strong>Mit Sammelwut gegen den Terror</strong>. <em>Süddeutsche.de</em> vom 09.01.2015<br />
<a href="http://www.sueddeutsche.de/digital/vorratsdatenspeicherung-mit-sammelwut-gegen-den-terror-1.2297201">http://www.sueddeutsche.de/digital/vorratsdatenspeicherung-mit-sammelwut-gegen-den-terror-1.2297201</a></p>
<p>Kai Biermann: <strong>Wer zu hart bremst, verliert seinen Versicherungsrabatt</strong>. <em>Zeit online</em>, aktualisiert am 13.11.2013<br />
<a href="http://www.zeit.de/digital/datenschutz/2013-11/versicherung-telematik-ueberwachung-kfz">http://www.zeit.de/digital/datenschutz/2013-11/versicherung-telematik-ueberwachung-kfz</a></p>
<p>Unbekannt: <strong>Rabatt zum Preis der Privatsphäre</strong>. <em>Süddeutsche.de</em> vom 07.03.13<br />
<a href="http://www.sueddeutsche.de/auto/kfz-versicherung-rabatt-zum-preis-der-privatsphaere-1.1618144">http://www.sueddeutsche.de/auto/kfz-versicherung-rabatt-zum-preis-der-privatsphaere-1.1618144</a></p>

<p>Eine Linksammlung zu verschiedensten Artikeln im Netz, bei denen der Einfluss der Informatik in das alltägliche Leben im besonderen Maße hervortritt. Thema 1: Datensammlungen Ulrich Clauß: Handy-Bewegungsprofil genauer als Fingerabdruck. Die Welt vom 29.3.2013 http://www.welt.de/wissenschaft/article114879957/Handy-Bewegungsprofil-genauer-als-Fingerabdruck.html Christoph Lagner: Wussten Sie, wo Sie &hellip; <a href="https://blog.familie-heming.de/?page_id=219">Weiterlesen <span class="meta-nav">&rarr;</span></a></p>
